 + -102022?
-102022
In base 16, what is 6c + 1?
6d
In base 5, what is 213 + -212?
1
In base 2, what is 110000000101 - -1?
110000000110
In base 6, what is -101500 + 4?
-101452
In base 12, what is -1 - -849?
848
In base 5, what is -3 - -120?
112
In base 5, what is -11 + 21410?
21344
In base 9, what is 1173 + -5?
1167
In base 9, what is -8700 - -1?
-8688
In base 4, what is 311 - 110?
201
In base 5, what is -2044 - -23?
-2021
In base 3, what is -1012212 - -11?
-1012201
In base 7, what is -3 - -105?
102
In base 5, what is -4 - 12222?
-12231
In base 13, what is -12 + 28?
16
In base 12, what is 1 - -198?
199
In base 9, what is -4 + 183?
178
In base 7, what is -3 + -3?
-6
In base 11, what is 53 + -54?
-1
In base 11, what is -37 - 10?
-47
In base 5, what is -2 - -200?
143
In base 10, what is 2 - 2228?
-2226
In base 5, what is 1433103 + 10?
1433113
In base 12, what is -b - 1b?
-2a
In base 2, what is 11 + 110111?
111010
In base 16, what is 5 - -27b?
280
In base 15, what is -c3 - 5?
-c8
In base 4, what is -20131 + -10?
-20201
In base 3, what is -2010 + -11002?
-20012
In base 12, what is 5 - 407?
-402
In base 15, what is -30 + 12?
-1d
In base 12, what is 39 - -3?
40
In base 16, what is 0 - 38?
-38
In base 15, what is -a + 17?
c
In base 9, what is -1 - -121?
120
In base 11, what is 17a - 31?
149
In base 12, what is 27b - 0?
27b
In base 6, what is 1 + 11?
12
In base 8, what is 1 + 14705?
14706
In base 3, what is -120212 + 11?
-120201
In base 12, what is -9 - -23?
16
In base 10, what is 318 + 3?
321
In base 9, what is 0 + -763?
-763
In base 5, what is 10042 + -30?
10012
In base 15, what is 5 + -13c?
-137
In base 5, what is -342132 - 2?
-342134
In base 8, what is -440 + 5?
-433
In base 7, what is 10 + 113?
123
In base 3, what is 1 + 10002?
10010
In base 2, what is -101 + 111010?
110101
In base 16, what is 253 - -5?
258
In base 4, what is 11 - 210?
-133
In base 4, what is 122131 + 11?
122202
In base 5, what is 3 + -22?
-14
In base 8, what is -1221 - 1?
-1222
In base 10, what is 0 + -17?
-17
In base 9, what is -15 + -1?
-16
In base 9, what is 283 - 35?
247
In base 15, what is 5 - -12?
17
In base 13, what is 0 + -a?
-a
In base 14, what is -8 - -2?
-6
In base 5, what is 131 + 210?
341
In base 3, what is -201 + 21110?
20202
In base 2, what is 1000 + -110010?
-101010
In base 9, what is -431 + 8?
-422
In base 7, what is 114 + -2?
112
In base 12, what is 28 + 157?
183
In base 4, what is -1311 + 303?
-1002
In base 14, what is 4d + -c?
41
In base 5, what is -304 - -3?
-301
In base 2, what is 1001000 - 10?
1000110
In base 5, what is -432 - -2?
-430
In base 8, what is 22324 + -1?
22323
In base 2, what is -1000 + -1010?
-10010
In base 12, what is -44 - 5?
-49
In base 9, what is 4788 + 1?
4800
In base 13, what is -c - 66?
-75
In base 3, what is -1 + -1122?
-1200
In base 11, what is 408 - 2?
406
In base 13, what is 4 - -1b?
22
In base 10, what is 5 + -333?
-328
In base 11, what is -2780 - 2?
-2782
In base 2, what is 100101000 + -100?
100100100
In base 10, what is 266 + -7?
259
In base 13, what is 1a + 9?
26
In base 11, what is 148 + -9?
13a
In base 14, what is -184 - -3?
-181
In base 15, what is -1 - -4?
3
In base 2, what is -100 + -110000001?
-110000101
In base 10, what is -2 - 27?
-29
In base 11, what is 1 - 3a?
-39
In base 3, what is 12011 - 110?
11201
In base 13, what is -76 - 2?
-78
In base 7, what is 2 - -2426?
2431
In base 3, what is -10 - -100021?
100011
In base 7, what is 323 - 5?
315
In base 13, what is 64 + 1b6?
24a
In base 13, what is -2a8 + -1?
-2a9
In base 13, what is -4 - -3a4?
3a0
In base 15, what is 2 - 0?
2
In base 12, what is -192 - -4?
-18a
In base 3, what is -10 + -120210?
-120220
In base 2, what is -100010001 - -1?
-100010000
In base 3, what is 10 - -12211?
12221
In base 15, what is 4 - -120?
124
In base 12, what is -19a + 10?
-18a
In base 3, what is 10020211 - -10?
10020221
In base 5, what is -4020 - -32?
-3433
In base 2, what is -11010 + -111001110?
-111101000
In base 10, what is -52 + -2?
-54
In base 8, what is -21 + 16?
-3
In base 11, what is 4a + -7?
43
In base 8, what is 33 - 61?
-26
In base 9, what is -4 + -61?
-65
In base 6, what is -145 - 4?
-153
In base 16, what is -5 + b6?
b1
In base 15, what is -20e9 + 6?
-20e3
In base 16, what is dda - -4?
dde
In base 12, what is -1 + 19?
18
In base 8, what is -2 - -133?
131
In base 4, what is -11 - -12?
1
In base 10, what is 86 + 1?
87
In base 8, what is -3 - -74?
71
In base 13, what is -924 + -1?
-925
In base 7, what is 613 + 1?
614
In base 7, what is 4 - -3?
10
In base 13, what is 1167 + 4?
116b
In base 6, what is 121 - 5?
112
In base 8, what is -11260 - 5?
-11265
In base 7, what is -116 + 4?
-112
In base 8, what is 20 - 1102?
-1062
In base 2, what is 1001 + -1001110?
-1000101
In base 5, what is -1 - 1213?
-1214
In base 13, what is -16 - -18?
2
In base 6, what is -10 + -10525?
-10535
In base 11, what is -6 - -112?
107
In base 4, what is -1 - 1221?
-1222
In base 9, what is -3 + -10?
-13
In base 3, what is 100220 + 10?
101000
In base 16, what is 6a + 136?
1a0
In base 7, what is 5 - -104?
112
In base 7, what is -60 - 524?
-614
In base 2, what is 100 - -100100?
101000
In base 11, what is -3 + -75?
-78
In base 10, what is 59 - 22?
37
In base 6, what is 123 - -5?
132
In base 2, what is -110001 - 101111?
-1100000
In base 7, what is -5 - -314?
306
In base 15, what is -c - 465?
-472
In base 10, what is -85 + 5?
-80
In base 7, what is 3301 + 3?
3304
In base 9, what is -310 + -5?
-315
In base 5, what is -2342 - 302?
-3144
In base 3, what is -1 - -21122?
21121
In base 16, what is -a - -23?
19
In base 2, what is 100 - -11101?
100001
In base 2, what is -101100000111 - 11?
-101100001010
In base 3, what is -1 + -12010121?
-12010122
In base 14, what is -653 - 2?
-655
In base 11, what is 50a + -5?
505
In base 14, what is 2 - -77?
79
In base 11, what is 353 - a?
344
In base 5, what is 24 + 220?
244
In base 9, what is -4 - -11?
6
In base 4, what is 103 - 32?
11
In base 8, what is -306 - 5?
-313
In base 11, what is -38a + 4?
-386
In base 15, what is -5 - -c7?
c2
In base 16, what is -1 - 41b?
-41c
In base 5, what is 12334 - -20?
12404
In base 8, what is -25 + -61?
-106
In base 13, what is -5c + -b?
-6a
In base 12, what is 10 + -2?
a
In base 3, what is -1222 + -1212?
-10211
In base 5, what is 14 + -1110?
-1041
In base 2, what is -110000001 + -1111?
-110010000
In base 13, what is 26b + 0?
26b
In base 11, what is 9 + -3?
6
In base 15, what is 10dc - 3?
10d9
In base 4, what is 3010 + -11?
2333
In base 15, what is a76 + -1?
a75
In base 14, what is -4a - -3c?
-c
In base 16, what is -78 + a?
-6e
In base 2, what is 0 + 110010?
110010
In base 15, what is 7b + -e?
6c
In base 4, what is -10 - 1323?
-1333
In base 15, what is -14 + 16?
2
In base 2, what is -1 + -111110000?
-111110001
In base 13, what is -2 + 19?
17
In base 15, what is 66 + 0?
66
In base 14, what is -5 - 1133?
-1138
In base 13, what is 60 + 3?
63
In base 8, what is -235 - 2?
-237
In base 2, what is 101000000 - 10?
100111110
In base 5, what is 3 + 10104?
10112
In base 14, what is 7 - ad?
-a6
In base 6, what is 23 - -244?
311
In base 5, what is 3 + -322?
-314
In base 9, what is 61 - 50?
11
In base 2, what is -101010 + 11110?
-1100
In base 4, what is -3 + 1120?
1111
In base 10, what is -1980 + -4?
-1984
In base 9, what is 28 + -130?
-101
In base 9, what is 13 - -5?
18
In base 8, what is -4 - 3035?
-3041
In base 10, what is 2 - -19?
21
In base 3, what is 0 - -101010?
101010
In base 10, what is -5 + 148?
143
In base 15, what is -a - 146?
-151
In base 3, what is 100120210 + 2?
100120212
In base 2, what is -1100100 + 111?
-1011101
In base 8, what is -1717 - 3?
-1722
In base 8, what is -1222 - -14?
-1206
In base 13, what is -1 - 11?
-12
In base 11, what is 38 - -70?
a8
In base 14, what is -1 - 4?
-5
In base 3, what is 2010 - 20?
1220
In base 13, what is -5 - -5c7?
5c2
In base 3, what is -11111 - -1220?
-2121
In base 3, what is -2 + -1001?
-1010
In base 7, what is 15226 + 2?
15231
In base 3, what is -20 + -1002?
-1022
In base 15, what is 2 + -166?
-164
In base 15, what is 1c + 13?
30
In base 9, what is -4 - 1?
-5
In base 7, what is -461 - 4?
-465
In base 2, what is 10 + -100100110?
-100100100
In base 2, what is 101 + 10101101?
10110010
In base 3, what is 2112 - 11210?
-2021
In